{"id":408,"date":"2023-06-16T15:39:20","date_gmt":"2023-06-16T15:39:20","guid":{"rendered":"https:\/\/resolut.dev.br\/gaspar\/?page_id=408"},"modified":"2024-03-20T18:39:35","modified_gmt":"2024-03-20T18:39:35","slug":"fios-de-pdo","status":"publish","type":"page","link":"https:\/\/resolut.dev.br\/gaspar\/fios-de-pdo\/","title":{"rendered":"FIOS DE PDO"},"content":{"rendered":"\t\t<div data-elementor-type=\"wp-page\" data-elementor-id=\"408\" class=\"elementor elementor-408\">\n\t\t\t\t\t\t\t\t\t<section class=\"elementor-section elementor-top-section elementor-element elementor-element-d5127b0 elementor-section-boxed elementor-section-height-default elementor-section-height-default\" data-id=\"d5127b0\" data-element_type=\"section\" data-settings=\"{&quot;background_background&quot;:&quot;classic&quot;}\">\n\t\t\t\t\t\t\t<div class=\"elementor-background-overlay\"><\/div>\n\t\t\t\t\t\t\t<div class=\"elementor-container elementor-column-gap-default\">\n\t\t\t\t\t<div class=\"elementor-column elementor-col-100 elementor-top-column elementor-element elementor-element-00147a4\" data-id=\"00147a4\" data-element_type=\"column\">\n\t\t\t<div class=\"elementor-widget-wrap elementor-element-populated\">\n\t\t\t\t\t\t\t\t<section class=\"elementor-section elementor-inner-section elementor-element elementor-element-fa67c65 elementor-section-content-middle elementor-section-boxed elementor-section-height-default elementor-section-height-default\" data-id=\"fa67c65\" data-element_type=\"section\" data-settings=\"{&quot;background_background&quot;:&quot;classic&quot;}\">\n\t\t\t\t\t\t<div class=\"elementor-container elementor-column-gap-default\">\n\t\t\t\t\t<div class=\"elementor-column elementor-col-50 elementor-inner-column elementor-element elementor-element-f6f4f01\" data-id=\"f6f4f01\" data-element_type=\"column\">\n\t\t\t<div class=\"elementor-widget-wrap elementor-element-populated\">\n\t\t\t\t\t\t\t\t<div class=\"elementor-element elementor-element-21d43e5 elementor-invisible elementor-widget elementor-widget-heading\" data-id=\"21d43e5\" data-element_type=\"widget\" data-settings=\"{&quot;_animation&quot;:&quot;fadeInUp&quot;}\" data-widget_type=\"heading.default\">\n\t\t\t\t<div class=\"elementor-widget-container\">\n\t\t\t<style>\/*! elementor - v3.13.3 - 28-05-2023 *\/\n.elementor-heading-title{padding:0;margin:0;line-height:1}.elementor-widget-heading .elementor-heading-title[class*=elementor-size-]>a{color:inherit;font-size:inherit;line-height:inherit}.elementor-widget-heading .elementor-heading-title.elementor-size-small{font-size:15px}.elementor-widget-heading .elementor-heading-title.elementor-size-medium{font-size:19px}.elementor-widget-heading .elementor-heading-title.elementor-size-large{font-size:29px}.elementor-widget-heading .elementor-heading-title.elementor-size-xl{font-size:39px}.elementor-widget-heading .elementor-heading-title.elementor-size-xxl{font-size:59px}<\/style><h1 class=\"elementor-heading-title elementor-size-default\">Cirurgias Est\u00e9ticas<\/h1>\t\t<\/div>\n\t\t\t\t<\/div>\n\t\t\t\t\t<\/div>\n\t\t<\/div>\n\t\t\t\t<div class=\"elementor-column elementor-col-50 elementor-inner-column elementor-element elementor-element-1fa9ab9\" data-id=\"1fa9ab9\" data-element_type=\"column\">\n\t\t\t<div class=\"elementor-widget-wrap\">\n\t\t\t\t\t\t\t\t\t<\/div>\n\t\t<\/div>\n\t\t\t\t\t\t\t<\/div>\n\t\t<\/section>\n\t\t\t\t\t<\/div>\n\t\t<\/div>\n\t\t\t\t\t\t\t<\/div>\n\t\t<\/section>\n\t\t\t\t<section class=\"elementor-section elementor-top-section elementor-element elementor-element-2f7720d8 elementor-section-boxed elementor-section-height-default elementor-section-height-default\" data-id=\"2f7720d8\" data-element_type=\"section\" data-settings=\"{&quot;background_background&quot;:&quot;classic&quot;}\">\n\t\t\t\t\t\t<div class=\"elementor-container elementor-column-gap-default\">\n\t\t\t\t\t<div class=\"elementor-column elementor-col-66 elementor-top-column elementor-element elementor-element-3e74803c\" data-id=\"3e74803c\" data-element_type=\"column\">\n\t\t\t<div class=\"elementor-widget-wrap elementor-element-populated\">\n\t\t\t\t\t\t\t\t<div class=\"elementor-element elementor-element-3436f7f7 elementor-widget elementor-widget-heading\" data-id=\"3436f7f7\" data-element_type=\"widget\" data-widget_type=\"heading.default\">\n\t\t\t\t<div class=\"elementor-widget-container\">\n\t\t\t<h3 class=\"elementor-heading-title elementor-size-default\">FIOS DE PDO<\/h3>\t\t<\/div>\n\t\t\t\t<\/div>\n\t\t\t\t<div class=\"elementor-element elementor-element-7c590ea6 elementor-widget elementor-widget-text-editor\" data-id=\"7c590ea6\" data-element_type=\"widget\" data-widget_type=\"text-editor.default\">\n\t\t\t\t<div class=\"elementor-widget-container\">\n\t\t\t<style>\/*! elementor - v3.13.3 - 28-05-2023 *\/\n.elementor-widget-text-editor.elementor-drop-cap-view-stacked .elementor-drop-cap{background-color:#69727d;color:#fff}.elementor-widget-text-editor.elementor-drop-cap-view-framed .elementor-drop-cap{color:#69727d;border:3px solid;background-color:transparent}.elementor-widget-text-editor:not(.elementor-drop-cap-view-default) .elementor-drop-cap{margin-top:8px}.elementor-widget-text-editor:not(.elementor-drop-cap-view-default) .elementor-drop-cap-letter{width:1em;height:1em}.elementor-widget-text-editor .elementor-drop-cap{float:left;text-align:center;line-height:1;font-size:50px}.elementor-widget-text-editor .elementor-drop-cap-letter{display:inline-block}<\/style>\t\t\t\t<p>Os fios de PDO (polidioxanona) s\u00e3o uma t\u00e9cnica relativamente nova na \u00e1rea de est\u00e9tica e beleza, mas j\u00e1 ganharam muitos adeptos por seus benef\u00edcios.<\/p><p>Um dos principais benef\u00edcios dos fios de PDO \u00e9 a capacidade de proporcionar um efeito lifting suave na pele. Eles podem ser aplicados em uma sess\u00e3o r\u00e1pida, sem a necessidade de anestesia geral ou interna\u00e7\u00e3o hospitalar. A t\u00e9cnica consiste em inserir fios absorv\u00edveis sob a pele, que s\u00e3o capazes de criar um suave efeito lifting, melhorando a flacidez, especialmente na regi\u00e3o do rosto e pesco\u00e7o.<\/p><p>Outro benef\u00edcio dos fios de PDO \u00e9 a sua capacidade de estimular a produ\u00e7\u00e3o de col\u00e1geno na pele. Como o fio \u00e9 absorvido pelo organismo, ele estimula a produ\u00e7\u00e3o de col\u00e1geno naturalmente, melhorando a elasticidade e firmeza da pele. O col\u00e1geno \u00e9 uma prote\u00edna fundamental para a pele, respons\u00e1vel por manter a firmeza e elasticidade. Com a idade, a produ\u00e7\u00e3o de col\u00e1geno diminui, resultando na flacidez e envelhecimento da pele. A aplica\u00e7\u00e3o de fios de PDO ajuda a estimular a produ\u00e7\u00e3o de col\u00e1geno, melhorando a apar\u00eancia da pele a longo prazo.<\/p><p>Al\u00e9m disso, os fios de PDO s\u00e3o uma alternativa menos invasiva para quem busca melhorar a apar\u00eancia facial. A aplica\u00e7\u00e3o dos fios \u00e9 minimamente invasiva e n\u00e3o requer incis\u00f5es cir\u00fargicas ou anestesia geral. Isso \u00e9 especialmente importante para pessoas que n\u00e3o querem passar por cirurgias ou que t\u00eam pouco tempo dispon\u00edvel para se recuperar de um procedimento est\u00e9tico.<\/p><p>A versatilidade dos fios de PDO \u00e9 outra vantagem. Eles podem ser usados para tratar uma variedade de problemas est\u00e9ticos, como flacidez na regi\u00e3o da mand\u00edbula, queixo e pesco\u00e7o, sulcos nasogenianos, rugas nas bochechas e outras \u00e1reas do rosto. A t\u00e9cnica \u00e9 ajust\u00e1vel e personalizada para cada paciente, o que significa que podem ser usados diferentes tipos de fios, comprimentos e densidades, dependendo das necessidades individuais de cada paciente.<\/p><p>Os resultados dos fios de PDO s\u00e3o relativamente duradouros, mas n\u00e3o permanentes. Isso significa que o paciente pode aproveitar os benef\u00edcios do tratamento por cerca de seis meses a um ano, dependendo do tipo de fio usado e da rea\u00e7\u00e3o do corpo do paciente. Al\u00e9m disso, como os fios s\u00e3o absorv\u00edveis, eles s\u00e3o reabsorvidos pelo corpo com o tempo, sem deixar res\u00edduos ou marcas permanentes na pele.<\/p>\t\t\t\t\t\t<\/div>\n\t\t\t\t<\/div>\n\t\t\t\t\t<\/div>\n\t\t<\/div>\n\t\t\t\t<div class=\"elementor-column elementor-col-33 elementor-top-column elementor-element elementor-element-5d548026\" data-id=\"5d548026\" data-element_type=\"column\">\n\t\t\t<div class=\"elementor-widget-wrap\">\n\t\t\t\t\t\t\t\t\t<\/div>\n\t\t<\/div>\n\t\t\t\t\t\t\t<\/div>\n\t\t<\/section>\n\t\t\t\t\t\t\t<\/div>\n\t\t","protected":false},"excerpt":{"rendered":"<p>Cirurgias Est\u00e9ticas FIOS DE PDO Os fios de PDO (polidioxanona) s\u00e3o uma t\u00e9cnica relativamente nova na \u00e1rea de est\u00e9tica e beleza, mas j\u00e1 ganharam muitos adeptos por seus benef\u00edcios. Um dos principais benef\u00edcios dos fios de PDO \u00e9 a capacidade de proporcionar um efeito lifting suave na pele. Eles podem ser aplicados em uma sess\u00e3o [&hellip;]<\/p>\n","protected":false},"author":2,"featured_media":0,"parent":0,"menu_order":0,"comment_status":"closed","ping_status":"closed","template":"","meta":{"footnotes":""},"class_list":["post-408","page","type-page","status-publish","hentry"],"_links":{"self":[{"href":"https:\/\/resolut.dev.br\/gaspar\/wp-json\/wp\/v2\/pages\/408","targetHints":{"allow":["GET"]}}],"collection":[{"href":"https:\/\/resolut.dev.br\/gaspar\/wp-json\/wp\/v2\/pages"}],"about":[{"href":"https:\/\/resolut.dev.br\/gaspar\/wp-json\/wp\/v2\/types\/page"}],"author":[{"embeddable":true,"href":"https:\/\/resolut.dev.br\/gaspar\/wp-json\/wp\/v2\/users\/2"}],"replies":[{"embeddable":true,"href":"https:\/\/resolut.dev.br\/gaspar\/wp-json\/wp\/v2\/comments?post=408"}],"version-history":[{"count":16,"href":"https:\/\/resolut.dev.br\/gaspar\/wp-json\/wp\/v2\/pages\/408\/revisions"}],"predecessor-version":[{"id":1140,"href":"https:\/\/resolut.dev.br\/gaspar\/wp-json\/wp\/v2\/pages\/408\/revisions\/1140"}],"wp:attachment":[{"href":"https:\/\/resolut.dev.br\/gaspar\/wp-json\/wp\/v2\/media?parent=408"}],"curies":[{"name":"wp","href":"https:\/\/api.w.org\/{rel}","templated":true}]}}